f 27/18 + j/4?
3, 7
Let z(h) = -968*h + 130. What are the prime factors of z(-4)?
2, 3, 23, 29
Suppose 0 = 2*p + 4*k + 16, -3*k = p - 3*p - 37. Let o(d) be the third derivative of d**4/24 + 8*d**3/3 - 4*d**2. List the prime factors of o(p).
2
Let u(q) = -3*q + 8. Let o(d) = -5*d + 12. Let h(b) = 5*o(b) - 8*u(b). Let c be h(-7). List the prime factors of (31/c)/((-9)/(-27)).
31
Suppose 8*p = -76*p + 110292. What are the prime factors of p?
13, 101
Let a be 4/(8/(-2)) + 7. Let v = a - 2. Suppose 7*c - v*c = 102. What are the prime factors of c?
2, 17
Let t = 76 + -71. Suppose -t*w + 3*m + 64 = -0*w, -5*w + 78 = 4*m. List the prime factors of w.
2, 7
Let m = 1239 - 193. List the prime factors of m.
2, 523
Let m be ((-15)/30)/(2/(-24)). Suppose m*s - 62 - 628 = 0. List the prime factors of s.
5, 23
Let o(p) = p**3 + 5*p**2 - 9*p - 6. Let u be o(-6). Let i(y) = 40*y - y**3 - 56*y - 5*y**2 - 8*y**2 + u. List the prime factors of i(-12).
2, 3, 5
Let y be ((-2168)/9)/(-4) + 4/(-18). Let q = y + 56. What are the prime factors of q?
2, 29
Let t(g) = 82*g**2 + 13*g - 33. List the prime factors of t(5).
2, 3, 347
Let v(q) = 3*q**2 + 10*q - 6. What are the prime factors of v(-10)?
2, 97
Suppose -614 = -2*g + r, -2*r - r = 5*g - 1557. List the prime factors of g.
3, 103
What are the prime factors of (-58)/261 - (-10154)/9?
2, 3, 47
Let b = 192 - 128. Let u be b/(-12) - (-2)/6. What are the prime factors of (48/10)/(u/(-25))?
2, 3
Suppose 5*k - 3030 = 5*u - 0*u, 4*u + 3027 = 5*k. List the prime factors of k.
3, 67
Let p(b) = b - 10. Let g be p(5). Let v(f) be the first derivative of -17*f**2/2 - 13*f - 266. What are the prime factors of v(g)?
2, 3
Let j(g) = -g**2 + 3*g + 1. Let c be j(2). Suppose -3*y = 4*q - 115, 6*q - q - 110 = -c*y. What are the prime factors of y?
3, 5
Let x be -4*(-2)/4*-6. Let j(b) be the second derivative of -b**3/2 + 15*b**2/2 - 6*b - 12. List the prime factors of j(x).
3, 17
Let p be 2 + -1 - (0 + -2). Suppose p = -5*c - 2. Let k = c - -8. What are the prime factors of k?
7
Let d be (0 - -1)/((-1)/2). Let q = d + 0. List the prime factors of (-660)/(-40) + q/(-4).
17
Suppose 2*d = -p - p + 1902, 3796 = 4*p + 2*d. Suppose 0*j - 5*j = 2*t - p, -4*t + 760 = 4*j. List the prime factors of j.
3, 7
Suppose -5*b = i - 40, -2*i + 55 = 2*b + 3*b. Let h be (10/i)/(2/45). Let a = -11 + h. What are the prime factors of a?
2
List the prime factors of (7 - 0) + -2 + 808.
3, 271
Let o be (-30 + 0)*(-2)/4. Let i be o*(5 - 3) + -2. Suppose 6*w - 2*w - i = 0. List the prime factors of w.
7
Let o(n) = 2*n - 8. Let t be o(10). Let c be 16 - 4*t/16. Let k = -10 + c. What are the prime factors of k?
3
Let t be (-2)/(-3) - (-272)/(-12). Let s = 27 + t. Suppose -92 = -2*a + 5*y, 2*y = -s*a + 125 + 76. What are the prime factors of a?
41
Let t(r) = 4*r**2 + 3*r + 1. Let l be t(-2). Let h = 16 - l. Suppose 3*a - 10 - h = 0. List the prime factors of a.
5
Suppose 8 = p - 4*w + 4, 0 = 4*w. Suppose 5*l = s + 13, -4*l - p*s = s + 7. Suppose l*m - 5*m + 81 = 0. List the prime factors of m.
3
Let m = -29 + 50. Suppose -3*v + 2*t = 47 + m, 0 = 2*t + 4. What are the prime factors of 130/4 - (-12)/v?
2
Suppose p = -29 + 423. List the prime factors of p.
2, 197
Let f = -670 - -1158. What are the prime factors of f?
2, 61
Let g(x) = -2*x - 18*x - x**3 + 16*x**2 + 149 - 156. List the prime factors of g(14).
3, 5, 7
Suppose -4*u = 3*w - 18, -5*w + 2*w = u - 9. Let i = 2 + w. Suppose -3*v - i*s - 60 = -7*v, 0 = 3*v + 5*s - 21. List the prime factors of v.
2, 3
Suppose 0 = -9*n - n - 320. Let y = 59 + n. List the prime factors of y.
3
Suppose 4*y - 32 = 3*y. Suppose -3*a - 3 = 0, 0 = -2*s + 3*a - a + y. Suppose s = -5*p, -7*w = -2*w + 4*p - 103. What are the prime factors of w?
23
Let p = -73 - -386. List the prime factors of p.
313
Let j(n) = -704*n - 3. List the prime factors of j(-2).
5, 281
Suppose 0 = w - 6*w - 1135. List the prime factors of 30/(-135) + w/(-9).
5
Let d(x) = -x + 3. Let r be d(1). Let f(j) = 38*j + 5. What are the prime factors of f(r)?
3
Suppose 4*l + 2*p = 4 - 0, 2*l - 3*p = -14. Let d be (-95)/(-20) + l/(-4). Suppose -j - d*j = -252. What are the prime factors of j?
2, 3, 7
Suppose 5*n - 436 - 2109 = 0. List the prime factors of n.
509
Suppose -4 = -2*v + 2. Let t be (-2 - -1)/(9/(-45)). Suppose t*o - 35 = -5*f, -o + 8 = v*f - 17. List the prime factors of f.
3
Let p be 2*2*(-8)/(-16). Suppose p*t - 143 - 31 = 0. What are the prime factors of t?
3, 29
Suppose 4*l - 1899 = -4*o + 2537, 0 = 2*l - 4*o - 2242. List the prime factors of l.
3, 7, 53
Suppose -40 + 58 = l. Let u(s) = 9*s. List the prime factors of u(l).
2, 3
Let s(h) = h**3 - 3*h**2 - 2*h - 8. Let x be s(4). Let l = x + 17. What are the prime factors of l?
17
Let k be 24/(-3)*2*1. Let s be 60/((-12)/k + 0). Suppose -3*o + s = 4*l, 2*o + 0*o - 54 = -2*l. List the prime factors of o.
2, 7
Suppose -226 = -4*a + 3*o, 11*o - 6*o = -10. What are the prime factors of a?
5, 11
Suppose -4*t = 10*t - 8078. List the prime factors of (-1 + t)/4 - -4.
2, 37
Let v = -6 - -10. Suppose v*y = 8, 2*n = -y + 2*y + 58. Suppose -3*o + n + 69 = 0. What are the prime factors of o?
3, 11
Suppose 0 = 4*t + 2*u - 3276, -22 + 18 = 2*u. List the prime factors of t.
2, 5, 41
Suppose 2*h + h = 2340. Suppose -h = -23*r + 18*r. List the prime factors of r.
2, 3, 13
Let i be 16/10 + (-6)/(-15). Let c(w) = -8*w + 2*w**2 - 3*w**2 + 5 + 2*w**i. List the prime factors of c(9).
2, 7
Let k = 5150 + -3378. What are the prime factors of k?
2, 443
Let j(f) = f**2 - 14*f + 15. Let i(a) = a**2 - 13*a + 14. Let w(y) = 6*i(y) - 7*j(y). List the prime factors of w(14).
3, 7
Let s(d) = d**3 + 26*d**2 + 56*d - 13. Let w(h) = h**3 + 26*h**2 + 56*h - 14. Let g(u) = 5*s(u) - 6*w(u). What are the prime factors of g(-24)?
211
Let w = -15 - -65. Let t = -19 + w. Let l = t + -17. What are the prime factors of l?
2, 7
Suppose -4*d + 96 = -3*m + 1085, -2*m = 2*d - 678. List the prime factors of m.
5, 67
List the prime factors of (200/(-6))/(-2)*342/15.
2, 5, 19
Let d = 50 + -45. Suppose -8*r + d*r - 113 = -2*f, -4 = -4*r. What are the prime factors of f?
2, 29
Let c = -176 + 195. What are the prime factors of c?
19
Let u(x) = -27*x**3 - x**2 + x. Let i be u(1). Let k = i - -201. What are the prime factors of k?
2, 3, 29
Let j(i) = -36*i**2 + 237*i - 3. List the prime factors of j(6).
3, 41
Suppose -15*r + 534 = -1296. What are the prime factors of r?
2, 61
Suppose -12*l - 25 = -17*l. Suppose -26 = -c + 5*n, 14 + 1 = l*n. List the prime factors of c.
41
Let w(c) = -23*c + 4. Let k(g) = 70*g - 12. Let m(h) = -3*k(h) - 8*w(h). List the prime factors of m(-4).
2, 3
Let j = -6 + 10. Let u(d) = d**3 - 3*d**2 - 2*d - 1. Let o be u(j). Suppose 0 = -2*k - o - 1, 4*z - 2*k - 48 = 0. What are the prime factors of z?
2, 5
Let s be -3 - 2*(2 + (-972)/4). Suppose 0 = 3*h + 3, 2*l - 14*h - s = -9*h. List the prime factors of l.
3, 79
Let d be (-1 - -15)/(-1 - 1). Let j be 8/(-28) + (-443)/d. Suppose 2*g - j = -g. What are the prime factors of g?
3, 7
Let l(w) = 13*w**2 + 1 - 3*w + w - 2*w**2. Let z be 8/(-28)*-7 + 2/(-2). What are the prime factors of l(z)?
2, 5
Let l be (1 + -6)*(-1354)/10. Suppose -l = -4*u - 165. Let p = -80 + u. What are the prime factors of p?
2, 3
What are the prime factors of 197/(-2)*(-8 - 2)?
5, 197
Let z(s) = -28*s - 52. What are the prime factors of z(-29)?
2, 5, 19
Let g be 198/4 - (-1)/2. Let b be (g + -5)*1/3. List the prime factors of (-10 - -7) + b*1.
2, 3
Let t(n) = -47*n + 6. Let j = 84 + -85. What are the prime factors of t(j)?
53
Let b be -4 + -3 + (-1614)/(-3). Let l = b + -372. Suppose 2*y - l = -3*o, 0 = 2*o + 4*y - 141 + 27. What are the prime factors of o?
3, 17
Let b = -3 - -7. Suppose 2*u + 21 = -0*u + a, -4*u + b*a = 48. What are the prime factors of 21*(-6)/u + -2?
2, 3
Let p be -2*3*(-2 - -3). Let a be 1/(-3) - (-4)/p. What are the prime factors of (0/2 - 14)*a?
2, 7
Let n(f) = -2*f - f**3 + 0*f**3 - 2*f - f**2 - 1 + 0. Let c(h) = h**2 - 5*h + 3. Let l be c(3). List the prime factors of n(l).
29
List the prime factors of 0 + 6/(-4)*88676/(-42).
3167
Let x(t) = t**3 + 4*t**2 - 8*t - 4. Let l be x(-5). Let k = -8 + l. Suppose p = -3*u + 17, 6 = 2*p + k*u - 43. List the prime factors of p.
2
Let j(q) = 47*q - 21